ber?
True
Let y be -2900 + -4 + 2 + 1. Let l = y - -6153. Is l/18 + 2/6 composite?
False
Let d(l) = -517*l + 120733. Is d(0) a composite number?
True
Let p = -190 - -214. Let a(b) = 2*b**3 - b**2 + 12*b - 14. Let o be a(7). Let q = o - p. Is q a composite number?
False
Suppose -212*g + 225*g = 130. Is g/(-2) + (-1362)/(-9)*9 a prime number?
False
Is (-22)/(-319) + (-4982401)/(-29) a prime number?
False
Suppose 0 = -411*n + 430*n - 940937. Is n a composite number?
False
Let g(f) = f**3 - 20*f**2 + 36*f - 6. Let r be g(18). Let j(s) = -3*s**3 - 5*s**2 + 14*s - 5. Is j(r) a prime number?
True
Is 1801208/24*(38 + -35) a composite number?
True
Let w(y) = 145*y - 1. Let i be w(1). Suppose 0*z - 10 = -5*z. Suppose 3*r - 30 = -a + i, z*a - r = 355. Is a prime?
False
Let c(f) = 2*f - 7. Let m be c(9). Suppose 640 = -m*s + 13*s. Let q = s - 137. Is q a composite number?
True
Suppose 2*i = -5*r - 13781, 2761 = -r + i - 3*i. Let d be -6 - (-9 - -7) - (-5535 + -3). Let q = d + r. Is q a composite number?
True
Let t be (-15)/(-9)*(-2 - (-2 + -3)). Suppose t*q + 2*v + 2680 - 18589 = 0, -v + 2 = 0. Is q prime?
True
Suppose 63224 = -2*g + 18550. Let x = 35560 + g. Is x composite?
True
Let a be (-100 + 0 + 2 + 1)*1. Let x = a + 99. Let d = 81 + x. Is d a composite number?
False
Suppose -10 = 36*r - 31*r. Let d(v) = 63*v**3 - 6*v + 5. Let g(l) = 125*l**3 - 13*l + 11. Let y(f) = -13*d(f) + 6*g(f). Is y(r) a composite number?
True
Let d(z) = z**3 + 100*z**2 + 204*z - 352. Is d(-93) composite?
True
Let a(m) = -m**3 + 28*m**2 - 11*m - 19. Let z be (6/10)/(15/375). Is a(z) a prime number?
True
Suppose x - 14*x = -12413843. Is x prime?
True
Let a = 42202 + 265215. Is a a prime number?
False
Suppose -2*m = -2*g + 8504, 0 = 2*g + 14*m - 17*m - 8499. Suppose 35*v + g = 44*v. Is v a composite number?
True
Let k be ((-11)/3 - -4)*9. Suppose 3*m + 5*r - 31360 = -2*m, 9 = -k*r. Suppose -7*x + m - 780 = 0. Is x composite?
True
Suppose 0 = 4*n + 5*c + 20, -2*n + 2*c - 4*c = 8. Let a = 464 - -747. Suppose -3*p - 314 = -w, -3*p - a = -4*w - n*p. Is w a prime number?
False
Let v = -3820 - -41037. Is v composite?
False
Let u(b) = -153*b - 4*b**2 - 93*b**3 + 5 + 75*b + 70*b. Is u(-6) a prime number?
True
Let x = 191455 + 15156. Is x composite?
True
Suppose 94 = -4*b - 158. Let p be (81/b)/((-1)/7). Is (-5010)/(-3) + (p - 6) a prime number?
False
Let s(n) = 654*n + 33. Let x(y) = 4578*y + 231. Let v(q) = 15*s(q) - 2*x(q). Is v(9) composite?
True
Suppose -6*s = -5759 - 451. Let h = 2812 - s. Is (5/((-5)/h))/(1 + -2) a composite number?
False
Let i(s) = 6448*s + 54. Let w be i(-4). Let a = -15909 - w. Is a prime?
True
Suppose 2*c - 173881 = -6767. Is c a prime number?
True
Let j(t) = 6678*t**2 + 60*t + 51. Is j(6) prime?
False
Let i(a) = -10*a + 75. Let m be i(7). Suppose -2*j + 8965 = -3*r, 0 = r + 2 - m. Is j composite?
True
Let h = 24666 + -17633. Is h composite?
True
Suppose -5*w + 4*k + 1756499 = 0, 2*k = -5*w + 2356108 - 599585. Is w a composite number?
True
Suppose 4469821 + 2661680 = 39*g. Is g prime?
False
Let u(n) = -3*n**3 - 72*n**2 - 24. Suppose 10*j + 357 = 87. Is u(j) a prime number?
False
Let p(t) = 77*t + 242*t - 30 - 64*t - 76 + 136*t. Is p(7) a composite number?
True
Let k(g) = g**3 + 3*g + 143. Let u be k(0). Let q = u - -356. Is q a prime number?
True
Suppose u = -2*d - 6, -3*u - 6*d + 4*d = -2. Suppose -3727 - 728 = -5*n + 5*m, u*m - 8 = 0. Is n composite?
True
Suppose 2*b = -3*b + 4*p + 48, -5*b + 45 = -5*p. Suppose 0*y + b*y = 133788. Is y prime?
True
Suppose -10*d + 2 = -8*d. Is d*(6 + (5580 - 5)) a composite number?
False
Is (-9 + 7)*(3089121/(-34) - (0 - 1)) a prime number?
True
Is 220453/(24 + (-19 - 4)) prime?
False
Let j(t) = t**2 + 2*t - 9. Let u be j(3). Suppose 5*b = 3*b + u. Suppose b*m + 325 = x, -2 = m - 2*m. Is x prime?
True
Let t(o) = 365277*o**3 - 3*o + 4. Is t(1) prime?
False
Let d(a) = -238*a - 15. Let y = -109 + 108. Is d(y) a composite number?
False
Let u be 0 + -311 + -3*1/3. Let m = 229 - u. Is m prime?
True
Let k be -1 - (-3 + 7) - 967. Let a = 1438 + k. Is a prime?
False
Let j(y) = y**2 + y + 35009. Let o be j(0). Suppose -4*w - 5*u = -51749, -5*w + o = 2*u - 29690. Is w composite?
False
Suppose 0 = m + m - 12. Suppose 1325 + 301 = m*r. Suppose r = -4*h + 5*h. Is h a prime number?
True
Let n = -130 + 978. Suppose 13*y = -3*y + n. Is y a composite number?
False
Suppose 0 = -23*x + 4*x + 209323. Let r = x + -4980. Is r prime?
True
Let f = -1559681 + 2207319. Is f composite?
True
Suppose 2*p = i + 11, 8*p - 3*p = -4*i - 5. Is 20300/6 + (-1)/p prime?
False
Let g be ((-18903)/(-6) - (-36)/(-6))*2. Suppose -4*x = 3*l - 0*x - 18841, -l + 3*x + g = 0. Is l a prime number?
False
Let v = 188 - 179. Suppose 4*b - 31452 = 4*k, v*b = 5*b - 5*k + 31434. Is b a prime number?
False
Let d = 6646 + 22861. Is d a composite number?
True
Let t = 1360400 - 339859. Is t composite?
False
Let g = -124312 - -406689. Is g a composite number?
False
Let x = -1526085 + 3018878. Is x prime?
True
Let w = 424881 + 144580. Is w composite?
False
Let o(z) be the second derivative of 17*z**4/12 - 37*z**3/6 - 13*z**2/2 - 3*z. Let m(s) = -49*s - 768. Let d be m(-16). Is o(d) a composite number?
True
Let n(u) = u**3 + u**2 + 13*u - 37. Let k be n(13). Suppose 0 = 2*a - 3*x - 353 - 884, k = 4*a + 2*x. Is a composite?
True
Is 637721 - ((-5)/(-1) + 7) a composite number?
False
Let c = -2422396 - -3518493. Is c a prime number?
True
Suppose 0 = -3*y + 3*j + 3, 5*j + 9 - 20 = -3*y. Suppose -t = -5*t + 4*n + 62644, 4*t - y*n - 62644 = 0. Is t prime?
True
Suppose -14 = -4*i - 0*d - 2*d, d = -3. Suppose -u = -i*t - 36663, -u - 4*t + 36699 = -0*u. Is u a prime number?
True
Is 45098*((-1701)/(-42))/27 prime?
False
Suppose 2*q - 2*b = 2*b - 206, -3*q - 279 = 4*b. Let m = q - -98. Is -2 + m/(-1 - (-908)/907) a composite number?
True
Suppose -6*t = 18 + 132. Let q = 28 + t. Suppose -q*r + 2489 = -4*k, 3*r - 2*r - 847 = -3*k. Is r a composite number?
True
Let b = 69 + 624. Let k = b - -1460. Is k prime?
True
Suppose 0 = 4*v - 5*h - 42171, 0 = 4*v - h - 2*h - 42173. Suppose -v = -6*x - 3854. Is x prime?
False
Let x be (-1 + 3)/(78/18 - 4). Suppose 12*s = 9*s + x. Suppose p = 3*n - 4198, -n + s*n - 2*p - 1401 = 0. Is n a prime number?
True
Let q be (-3)/(65/(-10) + 5). Suppose -508 - 390 = -q*y. Is y a prime number?
True
Let o = -661511 + 1063672. Is o prime?
False
Suppose 2*l - 49178 = 227*t - 224*t, -3*l + t = -73767. Is l a composite number?
True
Let z(v) = -33*v**2 + 8*v + 24. Let g(i) = 34*i**2 - 8*i - 25. Suppose 0 = d + 1 + 4. Let p(l) = d*g(l) - 6*z(l). Is p(-7) a composite number?
False
Suppose 98*r + 153312 = 252*r - 2074. Is r prime?
True
Let a(l) = 1404*l - 104. Let v be a(9). Let p = v - 7625. Is p a composite number?
True
Suppose -3*r - r - f = -158268, 4*r - 5*f = 158244. Suppose 41835 = 5*b + 3*i - 57038, 2*b = 3*i + r. Is b a prime number?
True
Suppose 31465803 = -455*s + 260577868. Is s a composite number?
False
Suppose -22*m - 41623466 = -60*m - 104*m. Is m a prime number?
True
Let j(n) = 67*n**2 - 13*n + 47. Let b be 42/(-9)*15/(-40)*4. Is j(b) a prime number?
False
Is ((2/(-5))/((-1)/1226255))/(-11 + 13) a prime number?
True
Suppose -3873*c + 3812*c = -60695. Is c a prime number?
False
Let q(b) be the first derivative of 9*b**4/4 - b**3 + 9*b**2/2 - 7*b + 70. Is q(4) a prime number?
True
Suppose -40*x + 43890 + 39870 = 0. Let n = -1307 + x. Is n prime?
True
Suppose 0 = 17*k - 315556 - 119831. Let q = -10964 + k. Is q composite?
True
Suppose p + 19235 = -5*s, 0*s - 5*s + 3*p - 19235 = 0. Let d = s - -8382. Is d prime?
False
Let t be -1 + (4 + 1 - 3). Let u be 5*1/5 + t. Suppose u*o - 223 = 75. Is o composite?
False
Is 5/4 - (-67427869)/428 composite?
False
Let p(i) = -1386*i**3 + 2*i**2 + 7*i + 32. Is p(-3) prime?
False
Suppose -1476*p + 1627*p - 10260601 = 0. Is p a composite number?
True
Let o = 831239 + 355608. Is o composite?
False
Let r = -49544 - -119671. Is r prime?
False
Let u be -4 - -2 - -3 - 54. Let t = 65 + 10. Let c = t + u. Is c prime?
False
Suppose 0 = 281*u + 2035536 - 654983. Suppose 0*a = -2*a - 5468. Let d = a - u. Is d a prime number?
True
Let d = 6749 + -4229. Suppose d = 3*x - 921. Suppose 303 = -2*g + x. Is g composite?
True
Let l(k) be the third d